hat are the prime factors of 196884?
2, 3, 1823
What are the prime factors of 7455325?
5, 298213
List the prime factors of 493637.
149, 3313
What are the prime factors of 2206270?
2, 5, 11, 31, 647
What are the prime factors of 939028?
2, 181, 1297
List the prime factors of 187248.
2, 3, 47, 83
List the prime factors of 8602173.
3, 199, 1601
List the prime factors of 254336.
2, 1987
What are the prime factors of 23760550?
2, 5, 11, 43201
What are the prime factors of 2008878?
2, 3, 37, 9049
List the prime factors of 958176.
2, 3, 1109
What are the prime factors of 509232?
2, 3, 103
List the prime factors of 786909.
3, 262303
What are the prime factors of 6990047?
479, 14593
What are the prime factors of 6900123?
3, 53, 43397
What are the prime factors of 748426?
2, 7, 1091
List the prime factors of 6197753.
6197753
List the prime factors of 13703073.
3, 4567691
What are the prime factors of 32122?
2, 16061
List the prime factors of 9600463.
1021, 9403
List the prime factors of 130018.
2, 7, 37, 251
List the prime factors of 2777335.
5, 11, 50497
List the prime factors of 17559915.
3, 5, 1170661
List the prime factors of 2096567.
11, 17327
List the prime factors of 3256241.
61, 53381
List the prime factors of 403093.
31, 13003
What are the prime factors of 45920?
2, 5, 7, 41
What are the prime factors of 3457514?
2, 79, 277
List the prime factors of 139105.
5, 43, 647
What are the prime factors of 15598424?
2, 277, 7039
List the prime factors of 2069518.
2, 11, 19, 4951
What are the prime factors of 859136?
2, 839
List the prime factors of 451239.
3, 150413
What are the prime factors of 591330?
2, 3, 5, 23, 857
What are the prime factors of 84678?
2, 3, 11, 1283
List the prime factors of 6792387.
3, 7, 181, 1787
List the prime factors of 2491853.
7, 13, 139, 197
List the prime factors of 126631.
126631
List the prime factors of 118587.
3, 7, 5647
What are the prime factors of 394968?
2, 3, 7, 2351
List the prime factors of 164220.
2, 3, 5, 7, 17, 23
List the prime factors of 611553.
3, 19, 10729
What are the prime factors of 11261080?
2, 5, 281527
What are the prime factors of 2224879?
2224879
List the prime factors of 1731797.
191, 9067
List the prime factors of 25828.
2, 11, 587
What are the prime factors of 3827125?
5, 17, 1801
List the prime factors of 36979903.
83, 445541
What are the prime factors of 5614357?
7, 73, 10987
List the prime factors of 4924620.
2, 3, 5, 109, 251
List the prime factors of 5212353.
3, 17, 102203
List the prime factors of 52480.
2, 5, 41
List the prime factors of 1225119.
3, 7, 227, 257
What are the prime factors of 2117245?
5, 13, 32573
List the prime factors of 728309.
197, 3697
List the prime factors of 137618.
2, 13, 67, 79
List the prime factors of 227994.
2, 3, 13, 37, 79
List the prime factors of 527438.
2, 43, 6133
List the prime factors of 1132824.
2, 3, 7, 11, 613
List the prime factors of 2314612.
2, 277, 2089
What are the prime factors of 19264?
2, 7, 43
List the prime factors of 5601389.
5601389
What are the prime factors of 15915582?
2, 3, 53, 67, 83
List the prime factors of 24137597.
11, 2194327
What are the prime factors of 3204764?
2, 613, 1307
List the prime factors of 52265.
5, 10453
What are the prime factors of 180381?
3, 60127
What are the prime factors of 2793840?
2, 3, 5, 7, 1663
What are the prime factors of 223325?
5, 8933
What are the prime factors of 41524?
2, 7, 1483
List the prime factors of 14512319.
41, 239, 1481
List the prime factors of 142528.
2, 17, 131
List the prime factors of 4820617.
4820617
What are the prime factors of 1380451?
17, 81203
List the prime factors of 9735283.
9735283
List the prime factors of 784370.
2, 5, 78437
List the prime factors of 1564523.
823, 1901
List the prime factors of 1352539.
311, 4349
What are the prime factors of 8005577?
277, 28901
What are the prime factors of 7638017?
47, 163, 997
List the prime factors of 84079.
83, 1013
What are the prime factors of 12182466?
2, 3, 2030411
List the prime factors of 348128.
2, 11, 23, 43
What are the prime factors of 2254439?
11, 311, 659
List the prime factors of 828646.
2, 7, 13, 29, 157
What are the prime factors of 3292778?
2, 37, 44497
List the prime factors of 1378542.
2, 3, 11, 20887
What are the prime factors of 65281?
97, 673
What are the prime factors of 274911?
3, 7, 13, 19, 53
What are the prime factors of 5093290?
2, 5, 509329
List the prime factors of 11501816.
2, 523, 2749
List the prime factors of 789963.
3, 19, 13859
List the prime factors of 268667.
7, 5483
List the prime factors of 5548946.
2, 13, 16417
List the prime factors of 17356.
2, 4339
What are the prime factors of 865809?
3, 7, 509
List the prime factors of 1327401.
3, 211, 233
What are the prime factors of 13951184?
2, 13, 67073
List the prime factors of 32655.
3, 5, 7, 311
List the prime factors of 330033.
3, 11, 73, 137
What are the prime factors of 714484?
2, 178621
List the prime factors of 15073039.
61, 247099
What are the prime factors of 1598165?
5, 83, 3851
What are the prime factors of 1958034?
2, 3, 13, 1931
What are the prime factors of 1044142?
2, 11, 31, 1531
What are the prime factors of 20205?
3, 5, 449
What are the prime factors of 677187?
3, 7, 3583
List the prime factors of 432086.
2, 37, 5839
What are the prime factors of 6739093?
409, 16477
What are the prime factors of 103506?
2, 3, 13, 1327
What are the prime factors of 7872697?
7, 41, 27431
List the prime factors of 1815544.
2, 226943
What are the prime factors of 3386663?
7, 483809
What are the prime factors of 1757556?
2, 3, 48821
What are the prime factors of 6622552?
2, 167, 4957
List the prime factors of 1838364.
2, 3, 11, 19, 733
What are the prime factors of 188654?
2, 94327
List the prime factors of 425014.
2, 212507
What are the prime factors of 1019552?
2, 151, 211
What are the prime factors of 15525999?
3, 181, 353
List the prime factors of 10535586.
2, 3, 397, 4423
What are the prime factors of 637623?
3, 7, 29, 349
What are the prime factors of 1195664?
2, 74729
What are the prime factors of 10246684?
2, 7, 23, 2273
List the prime factors of 24889002.
2, 3, 43, 96469
What are the prime factors of 2732142?
2, 3, 7, 9293
List the prime factors of 378999.
3, 4679
What are the prime factors of 1647281?
19, 181, 479
List the prime factors of 774293.
13, 59561
List the prime factors of 17156014.
2, 71, 120817
What are the prime factors of 411982?
2, 205991
List the prime factors of 529889.
43, 12323
What are the prime factors of 15881118?
2, 3, 11, 240623
What are the prime factors of 192635?
5, 59, 653
What are the prime factors of 20405?
5, 7, 11, 53
List the prime factors of 1692005.
5, 7, 29, 1667
List the prime factors of 329692.
2, 11, 59, 127
List the prime factors of 161626.
2, 211, 383
What are the prime factors of 1961320?
2, 5, 49033
List the prime factors of 4405070.
2, 5, 440507
List the prime factors of 14055879.
3, 593, 7901
List the prime factors of 2921018.
2, 433, 3373
List the prime factors of 171900.
2, 3, 5, 191
List the prime factors of 8578335.
3, 5, 337, 1697
List the prime factors of 681311.
681311
What are the prime factors of 26160141?
3, 7, 1245721
What are the prime factors of 242202?
2, 3, 37, 1091
What are the prime factors of 952660?
2, 5, 19, 23, 109
What are the prime factors of 759416?
2, 7, 71, 191
What are the prime factors of 14545691?
53, 127, 2161
What are the prime factors of 179760?
2, 3, 5, 7, 107
List the prime factors of 403657.
103, 3919
What are the prime factors of 462376?
2, 29, 1993
What are the prime factors of 26935?
5, 5387
What are the prime factors of 6412403?
107, 59929
List the prime factors of 5416397.
7, 433, 1787
List the prime factors of 500054.
2, 250027
What are the prime factors of 977028?
2, 3, 13, 6263
List the prime factors of 1766764.
2, 71, 6221
List the prime factors of 6445670.
2, 5, 7, 11, 761
What are the prime factors of 69235?
5, 61, 227
List the prime factors of 1150799.
13, 88523
List the prime factors of 3089756.
2, 772439
What are the prime factors of 147870?
2, 3, 5, 31, 53
List the prime factors of 632210.
2, 5, 191, 331
List the prime factors of 1336587.
3, 7, 63647
List the prime factors of 341229.
3, 7, 16249
List the prime factors of 1025910.
2, 3, 5, 11399
